{"id":14,"date":"2020-04-07T09:52:32","date_gmt":"2020-04-07T09:52:32","guid":{"rendered":"http:\/\/trueffelzucht.at\/?page_id=14"},"modified":"2025-11-28T09:27:04","modified_gmt":"2025-11-28T09:27:04","slug":"startseite","status":"publish","type":"page","link":"https:\/\/trueffelzucht.at\/","title":{"rendered":"Startseite"},"content":{"rendered":"\n<p>Willkommen auf unserer Seite!<\/p>\n\n\n\n<p>Nach intensiven Recherchen \u00fcber die Tr\u00fcffel selbst und die M\u00f6glichkeiten zur Kultivierung haben wir uns im Sommer 2012 entschlossen eine vollkommen biologisch betriebene Tr\u00fcffelplantage im S\u00fcdburgenland zu errichten.<\/p>\n\n\n\n<p>Die Plantage selbst ist 2021 erstmalig in den Ertrag gegangen. Seit 2025 k\u00f6nnen wir in der Saison regelm\u00e4\u00dfig Tr\u00fcffel f\u00fcr unsere Kunden anbieten.<\/p>\n\n\n\n<p>Parallel dazu arbeiten wir am Ausbau unserer Plantage. Rund 6000m\u00b2 wurden zwischenzeitlich vorbereitet und werden ab 2026 bepflanzt.<br>Hier werden wir auf weitere Tr\u00fcffelsorten setzen und so unser Sortiment verbreitern.<\/p>\n\n\n\n<p><\/p>\n","protected":false},"excerpt":{"rendered":"<p>Willkommen auf unserer Seite! Nach intensiven Recherchen \u00fcber die Tr\u00fcffel selbst und die M\u00f6glichkeiten zur Kultivierung haben wir uns im Sommer 2012 entschlossen eine vollkommen biologisch betriebene Tr\u00fcffelplantage im S\u00fcdburgenland zu errichten. Die Plantage selbst ist 2021 erstmalig in den Ertrag gegangen. Seit 2025 k\u00f6nnen wir in der Saison regelm\u00e4\u00dfig Tr\u00fcffel f\u00fcr unsere Kunden anbieten. &hellip; <\/p>\n<p class=\"link-more\"><a href=\"https:\/\/trueffelzucht.at\/\" class=\"more-link\"><span class=\"screen-reader-text\">\u201eStartseite\u201c <\/span>weiterlesen<\/a><\/p>\n","protected":false},"author":1,"featured_media":0,"parent":0,"menu_order":0,"comment_status":"closed","ping_status":"closed","template":"","meta":{"footnotes":""},"class_list":["post-14","page","type-page","status-publish","hentry"],"_links":{"self":[{"href":"https:\/\/trueffelzucht.at\/index.php?rest_route=\/wp\/v2\/pages\/14","targetHints":{"allow":["GET"]}}],"collection":[{"href":"https:\/\/trueffelzucht.at\/index.php?rest_route=\/wp\/v2\/pages"}],"about":[{"href":"https:\/\/trueffelzucht.at\/index.php?rest_route=\/wp\/v2\/types\/page"}],"author":[{"embeddable":true,"href":"https:\/\/trueffelzucht.at\/index.php?rest_route=\/wp\/v2\/users\/1"}],"replies":[{"embeddable":true,"href":"https:\/\/trueffelzucht.at\/index.php?rest_route=%2Fwp%2Fv2%2Fcomments&post=14"}],"version-history":[{"count":10,"href":"https:\/\/trueffelzucht.at\/index.php?rest_route=\/wp\/v2\/pages\/14\/revisions"}],"predecessor-version":[{"id":1112,"href":"https:\/\/trueffelzucht.at\/index.php?rest_route=\/wp\/v2\/pages\/14\/revisions\/1112"}],"wp:attachment":[{"href":"https:\/\/trueffelzucht.at\/index.php?rest_route=%2Fwp%2Fv2%2Fmedia&parent=14"}],"curies":[{"name":"wp","href":"https:\/\/api.w.org\/{rel}","templated":true}]}}